ions digit of 25833913?
5
What is the units digit of 364759897?
7
What is the hundreds digit of 2974564824?
8
What is the hundreds digit of 11197065?
0
What is the ten millions digit of 340502988?
4
What is the units digit of 697462174?
4
What is the ten thousands digit of 81161533?
6
What is the hundreds digit of 47674098?
0
What is the tens digit of 34630621?
2
What is the ten millions digit of 1195033011?
9
What is the hundred millions digit of 190939893?
1
What is the ten thousands digit of 2642506267?
0
What is the millions digit of 433077632?
3
What is the ten millions digit of 314528031?
1
What is the thousands digit of 73748343?
8
What is the thousands digit of 600893624?
3
What is the hundred thousands digit of 193483640?
4
What is the ten millions digit of 694394947?
9
What is the hundred thousands digit of 4728443407?
4
What is the hundred thousands digit of 43944804?
9
What is the thousands digit of 767985617?
5
What is the units digit of 58474736?
6
What is the hundred millions digit of 3080192060?
0
What is the tens digit of 47576231?
3
What is the ten thousands digit of 5945583?
4
What is the hundred thousands digit of 645623849?
6
What is the millions digit of 66111679?
6
What is the millions digit of 318797593?
8
What is the units digit of 67003509?
9
What is the ten millions digit of 260858401?
6
What is the tens digit of 544018000?
0
What is the ten millions digit of 426361134?
2
What is the units digit of 1423025305?
5
What is the tens digit of 81608090?
9
What is the hundred millions digit of 2098500299?
0
What is the thousands digit of 5240421?
0
What is the ten millions digit of 67461147?
6
What is the millions digit of 26823547?
6
What is the millions digit of 202685726?
2
What is the hundred thousands digit of 2319378619?
3
What is the ten millions digit of 86443816?
8
What is the hundreds digit of 102611607?
6
What is the hundred millions digit of 401507753?
4
What is the units digit of 62493261?
1
What is the hundred thousands digit of 483459998?
4
What is the ten millions digit of 53352914?
5
What is the hundred millions digit of 242236248?
2
What is the hundred thousands digit of 3484604474?
6
What is the tens digit of 6271872?
7
What is the ten thousands digit of 224822380?
2
What is the hundreds digit of 4744363?
3
What is the millions digit of 1307560?
1
What is the hundred millions digit of 1854330793?
8
What is the tens digit of 111446179?
7
What is the hundreds digit of 25945985?
9
What is the hundred millions digit of 1062439844?
0
What is the tens digit of 4038070335?
3
What is the units digit of 943550575?
5
What is the thousands digit of 3290703?
0
What is the ten thousands digit of 5996299136?
9
What is the hundred thousands digit of 209947562?
9
What is the hundreds digit of 414349970?
9
What is the ten millions digit of 1053373530?
5
What is the ten millions digit of 276853316?
7
What is the units digit of 3899184159?
9
What is the hundred thousands digit of 7707429844?
4
What is the ten thousands digit of 1116260103?
6
What is the tens digit of 11782154?
5
What is the units digit of 3028494?
4
What is the units digit of 18139680?
0
What is the thousands digit of 1146101088?
1
What is the millions digit of 325881714?
5
What is the hundreds digit of 179160309?
3
What is the tens digit of 330707625?
2
What is the ten thousands digit of 51690470?
9
What is the ten millions digit of 1189624418?
8
What is the hundreds digit of 105262811?
8
What is the hundreds digit of 31865548?
5
What is the millions digit of 615489743?
5
What is the ten thousands digit of 1718406354?
0
What is the ten thousands digit of 58312434?
1
What is the ten thousands digit of 58385677?
8
What is the thousands digit of 11366995?
6
What is the billions digit of 1041165797?
1
What is the tens digit of 147019662?
6
What is the hundreds digit of 3083540438?
4
What is the hundred millions digit of 134208718?
1
What is the millions digit of 107331746?
7
What is the ten millions digit of 426280137?
2
What is the ten millions digit of 669599632?
6
What is the hundred thousands digit of 60561948?
5
What is the hundred thousands digit of 127878685?
8
What is the units digit of 13565236?
6
What is the ten millions digit of 751266609?
5
What is the millions digit of 87780849?
7
What is the hundred thousands digit of 22245908?
2
What is the hundred thousands digit of 260605899?
6
What is the thousands digit of 8921227?
1
What is the hundred thousands digit of 34206538?
2
What is the billions digit of 2859467732?
2
What is the hundred thousands digit of 174987958?
9
What is the hundreds digit of 27456565?
5
What is the hundreds digit of 551477086?
0
What is the hundreds digit of 75174298?
2
What is the hundred millions digit of 786063577?
7
What is the ten millions digit of 295968812?
9
What is the ten millions digit of 303113310?
0
What is the hundred millions digit of 693435734?
6
What is the hundred thousands digit of 7864390?
8
What is the ten thousands digit of 75705545?
0
What is the hundred thousands digit of 107705995?
7
What is the tens digit of 421418161?
6
What is the hundreds digit of 29060042?
0
What is the billions digit of 2435646603?
2
What is the millions digit of 153978083?
3
What is the ten thousands digit of 401997019?
9
What is the millions digit of 92194120?
2
What is the hundreds digit of 1583890405?
4
What is the ten thousands digit of 1400374970?
7
What is the millions digit of 718139329?
8
What is the tens digit of 1606076919?
1
What is the ten thousands digit of 19419552?
1
What is the units digit of 2607846268?
8
What is the units digit of 4424334399?
9
What is the thousands digit of 791949370?
9
What is the units digit of 196895748?
8
What is the ten thousands digit of 81192126?
9
What is the hundreds digit of 179219803?
8
What is the hundreds digit of 1005108313?
3
What is the hundred millions digit of 395688198?
3
What is the ten millions digit of 152223063?
5
What is the ten millions digit of 38452986?
3
What is the hundred millions digit of 1418312751?
4
What is the hundred millions digit of 6791961608?
7
What is the thousands digit of 4321427520?
7
What is the thousands digit of 1153762779?
2
What is the thousands digit of 3142945961?
5
What is the tens digit of 604251828?
2
What is the ten thousands digit of 14106004?
0
What is the tens digit of 3698840329?
2
What is the hundreds digit of 5314743295?
2
What is the hundred thousands digit of 95234682?
2
What is the tens digit of 1029374691?
9
What is the billions digit of 2939483227?
2
What is the ten millions digit of 2234386748?
3
What is the billions digit of 1869752389?
1
What is the billions digit of 3062111308?
3
What is the units digit of 128281895?
5
What is the hundreds digit of 370433158?
1
What is the thousands digit of 6332422553?
2
What is the tens digit of 352714381?
8
What is the ten millions digit of 1244230204?
4
What is the hundred thousands digit of 34160130?
1
What is the ten millions digit of 1540855956?
4
What is the tens digit of 709508759?
5
What is the ten millions digit of 80640293?
8
What is the thousands digit of 2286425781?
5
What is the tens digit of 46275533?
3
What is the millions digit of 23784111?
3
What is the hundred thousands digit of 68910140?
9
What is the billions digit of 1048996882?
1
What is the millions digit of 157523033?
7
What is the units digit of 1248565034?
4
What is the hundred thousands digit of 14788695?
7
What is the tens digit of 363427463?
6
What is the hundreds digit of 1826288997?
9
What is the ten thousands digit of 573504907?
0
What is the tens digit of 42738095?
9
What is the hundred thousands digit of 1246712375?
7
What is the hundred millions digit of 262633048?
2
What is the hundred thousands digit of 220420509?
4
What is the billions digit of 7884488968?
7
What is the hundred millions digit of 529072635?
5
What is the ten thousands digit of 26123255?
2
What is the hundred millions digit of 280943942?
2
What is the tens digit of 4049920066?
6
What is the hundred millions digit of 228026054?
2
What is the billions digit of 1442668644?
1
What is the ten millions digit of 2039430326?
3
What is the hundred thousands digit of 477818016?
8
What is the units digit of 5269137?
7
What is the hundred mill